2)?
0
Let g(r) = -13*r**3 + 3*r**2 - 2 - 2*r**2 - 5*r + 14*r**3. What is g(-3)?
-5
Let u(l) = l**2 + 9*l + 3. Let m be ((-1)/4*-2)/((-13)/234). Determine u(m).
3
Let b(y) = y**3 - 3*y + 1. Let g be b(2). Suppose 2*p + g*p = 0. Let c(m) = m**2 + p*m - m + 0*m - 2. Give c(-2).
4
Let p(a) be the first derivative of a**4/4 - a**3/3 - 5*a**2/2 + 3*a + 1. Let u be (-26)/(-10) + ((-8)/5)/(-4). Give p(u).
6
Let y(h) = -2*h + 1. Suppose 5*f - 2*j + 30 = j, 0 = -4*f + 3*j - 24. Let c = f + 8. Suppose -w - 2*g = -3*w, -c*g = 2*w - 12. Calculate y(w).
-5
Let k(d) = 3*d + 1. Let w(t) = t + 1. Let v(u) = -k(u) + 4*w(u). Suppose -c - 8 + 11 = 0. Calculate v(c).
6
Suppose 12*b - 8*b + 16 = 0. Let l(z) = z**3 + 3*z**2 - 3*z. Determine l(b).
-4
Let b(w) = -w - 1. Let p be 1/(((-5)/(-24))/5). Suppose 0 = -3*o - o - p. Let l = -2 - o. Determine b(l).
-5
Let u be 7 - (2 - 1)*2. Let z(a) = 3*a**3 - 5*a**2 + 3*a - 20. Let h(p) = 4*p**3 - 7*p**2 + 4*p - 30. Let f(c) = u*h(c) - 7*z(c). Determine f(0).
-10
Let l = 31 + -26. Let c(a) = -a**2 + 6*a - 4. What is c(l)?
1
Let m(f) = -f**3 - 10*f**2 + 25*f + 12. Let c be m(-12). Let b(h) = h**3 + h**2 - 10. What is b(c)?
-10
Let t(r) = 26*r - 68*r + 25*r + r**2 + 11. What is t(16)?
-5
Let d(b) be the second derivative of b**4/12 + b**3/6 + 5*b**2/2 - 21*b. Determine d(0).
5
Let b(a) = -a - 1. Let u = -11 - -7. Let x = 2 - u. Let m be (-16)/6 + 4/x. Determine b(m).
1
Let i(o) = -o**2 - 32 + 3*o + 0*o + 28. Calculate i(4).
-8
Let i(u) = -4 + 10*u**2 - 2*u**2 + 3. Suppose -17*y - 2 = -19*y. What is i(y)?
7
Suppose f + 1 = -0*f. Let o(i) be the third derivative of 0 + i**2 - 1/6*i**3 + 0*i**4 + 0*i + 1/10*i**5. What is o(f)?
5
Suppose -c + 10 = o, 2*o - 3*c = -2*o + 5. Let j be (2/o)/(3/15). Let d(l) = 2*l**2 - l**2 + 3 - 2*l**j + l. Determine d(3).
-3
Let w(x) = 5*x. Let s be w(-1). Let z(y) = -y - 2*y + 2 + 6*y. Give z(s).
-13
Let z(k) = -k**3 - 5*k**2 - k - 4. Let n(d) = 3*d**2 - d + 2. Let w be n(2). Suppose 0 = -g - 3*g + 68. Let l = w - g. Calculate z(l).
1
Let o = -3 + 3. Let v be 2 + (2 + -2 - o). Let a be v*1 - (-2 - -2). Let g(m) = 2*m**2 - 3*m + 3. What is g(a)?
5
Let x be 1/(1 - 1/2). Let g(t) = -8 + 6 - t + 4. What is g(x)?
0
Let o(n) = 7*n**3 + 2*n**2 + 6*n + 3. Let y(t) = t**3 + t**2 + t. Let c(p) = -o(p) + 6*y(p). Determine c(3).
6
Let t(j) = 2*j**2 + 5*j - 6. Let v be t(-4). Let x(m) = 2*m - 9. Give x(v).
3
Let m(h) = -9 + h - 2*h + 3. Let z(k) = k**3 + k**2 + k - 6. Let l be z(0). Calculate m(l).
0
Let s(l) = 4 - 2 + 4 + 2*l. Suppose -3*r + 2 = -n, 2*r + 2*n + 6 = -n. Suppose 5 = -r*c - c. What is s(c)?
-4
Let a(c) be the second derivative of c**3/6 - 4*c**2 - 3*c. Calculate a(6).
-2
Let c(j) be the first derivative of -3 - 1/2*j**2 + 2*j. What is c(3)?
-1
Let t be (1/(-3))/((-2)/12). Let i(c) = 6 - c**3 + c + 2*c**t + 2*c - 2. Suppose 3 = 3*b - 2*b. What is i(b)?
4
Let k(p) = p**3 + 16*p**2 + 4. Let b be k(-16). Let s(o) = o + 1. Calculate s(b).
5
Let q(w) be the first derivative of -w**3/3 + 3*w**2 - 2*w - 1. Let d be -2 + 10 + -5 + 2. What is q(d)?
3
Let p be 0/(-1)*(2 + -3). Let s(r) = 5*r**2 - 8*r**2 - r - r**3 + p*r**3. Let v(a) = -2*a - 1. Let b be v(1). What is s(b)?
3
Let k(x) = -x + 10. Let w be k(5). Suppose m + 8 = w*m. Let o(i) = -i - 2*i + m + i. What is o(-3)?
8
Let u(r) = 20*r**2 - 11*r**2 - 7*r - 2 - 10*r**2. Suppose 0*m + 2*m + 10 = 0. What is u(m)?
8
Suppose -4 + 2 = u. Let o(r) be the third derivative of -r**6/120 - r**5/15 - r**4/6 - r**3/2 + 4*r**2. Calculate o(u).
-3
Let f(o) be the third derivative of -o**4/12 - o**3/6 + 9*o**2. Determine f(-5).
9
Let r(x) be the first derivative of -5*x**2/2 - 9*x + 4. Let a(y) = -2*y - 3. Let b(i) = 17*a(i) - 6*r(i). Calculate b(3).
-9
Let x(w) = -w**2 - 2*w. Let c = 36 + -15. Let i = c - 24. What is x(i)?
-3
Let l = 3 + -3. Suppose l = -8*u + 5*u - 6. Let x(d) be the first derivative of d**4/2 + 2*d**3/3 - 3*d**2/2 - 2*d - 1. Determine x(u).
-4
Let u(h) = -h**3 - h**2 + 1. Let r be u(1). Let q(p) = -3*p + 1. Let i be q(r). Let o(b) = 5 + 1 + i*b**2 - 2*b - 1 - 6. Calculate o(-1).
5
Let m(g) be the third derivative of -g**5/60 - g**4/3 + g**3/3 + 8*g**2. What is m(-5)?
17
Let c(m) be the first derivative of m**4/4 + m**3/3 - m**2/2 - 14*m - 7. Give c(0).
-14
Let x(u) = -u**3 - 2*u**2 - u - 1. Let c(o) = o**3 - 6*o**2 - 4*o + 21. Let i be c(6). Determine x(i).
11
Let x(j) be the second derivative of -1/12*j**4 + 0*j**2 + 0 - 2*j + 1/6*j**3. Let t(b) = -b**3 + 3*b**2 + 4*b - 1. Let p be t(4). What is x(p)?
-2
Let p(d) = 4*d - 7. Let b be p(8). Suppose -3*g = 2*g - b. Let u(t) = -t**2 + 7*t - 4. Give u(g).
6
Let t(n) = 1 - 9*n + n + 9*n + 2. Determine t(6).
9
Let h(i) be the first derivative of -i**4/4 - 2*i**3 - 3*i**2/2 + 6*i - 1. Suppose -2*g = -2*s + 3*g + 55, 26 = s - 2*g. Suppose 0*o - s = 4*o. What is h(o)?
-4
Let t be (-2 + 0 + 3)*0. Suppose t*o = 5*o. Let a(f) = -8 - 2*f + 1 + f. What is a(o)?
-7
Let m = -10 + 13. Let k(x) = 2*x**2 + 2*x**2 + x + 1 + 11*x**3 + 0*x - 12*x**m. Determine k(2).
11
Suppose 5*a = 2 + 13. Let g(r) = -2*r**2 - 3*r + r**3 - 4 + 3*r + 0*r. Determine g(a).
5
Suppose -5*c - 2*j - 8 = 5, -2*c - 5*j - 22 = 0. Let d(o) = -4*o**3 + o**2 + o + 1. Determine d(c).
5
Let c(n) be the third derivative of -n**5/60 - n**4/12 + n**2. Let p(s) = -s**3 + 2*s**2 + 3*s + 3. Let a be p(3). Let y = a - 4. Determine c(y).
1
Let w(s) = s - 6. Suppose 7*m - 20 = 2*m. Suppose -m*j + 9 = -11. What is w(j)?
-1
Let c(a) = -a**3 - 12*a**2 - 11*a + 6. Let l be c(-11). Suppose 3*p - 5*p - l = 0. Let b(v) = -v**2 - 6*v + 3. Determine b(p).
12
Suppose d = -x + 2, 2*d = -2*x - 2*d - 2. Let g(w) = -3*w**2 + x*w**2 + 2 + w - w**2. Let r = -9 - -6. Give g(r).
8
Let g(s) = s + 3. Let w(h) = h - 2. Let b be w(5). Let j be ((-4)/(-4))/(1/b). Calculate g(j).
6
Let h be 7/2*(7 + -5). Suppose -5*m = 2*t - h, 4*t + 0*t - 2 = 2*m. Let x(p) = 2*p**3 - p**2 + p. Give x(m).
2
Let d be (3/2)/((-4)/(-8)). Suppose -d*h = -0*h + 12. Let s(w) = 5*w**2 - 7*w + 5. Let b(t) = 3*t**2 - 5*t + 3. Let x(o) = -8*b(o) + 5*s(o). What is x(h)?
-3
Suppose 0 = 2*l + 3*x - 11, 4*x + 2 = 4*l + 10. Let z(h) = -4*h + 5 + 2*h - l. Let k(s) = -s**2 - s + 4. Let c be k(0). Calculate z(c).
-4
Let c(w) = -w. Let u(x) = 3*x + 1. Let b(r) = 2*c(r) + u(r). What is b(5)?
6
Let u(w) = w + 4. Let t(g) be the second derivative of -g + 1/3*g**3 + 9/2*g**2 + 0. Let k(o) = -3*t(o) + 5*u(o). Calculate k(0).
-7
Let k(y) = y - 17. Let s be k(18). Let c(v) = 3*v**2 - v + 2. Let w be c(s). Let b(i) = -i**3 + 4*i**2 - i + 3. Determine b(w).
-1
Let a(v) = 4*v**3 + 5*v**2 + 3*v + 11. Let c(k) = -k**3 + k**2 - k - 1. Let f(h) = a(h) + 3*c(h). Calculate f(-8).
8
Let j be (-292)/(-18) - (-8)/(-36). Let w = j - 14. Let d(x) = -2*x. Determine d(w).
-4
Let p be (3*1)/((-3)/2). Suppose -5*z + 4*c + 20 = 0, -2*z - z + 5*c + 25 = 0. Let v(m) = -4*m + z*m + 1 + 0*m - 4. Give v(p).
5
Let k(j) be the second derivative of -j**5/20 + 7*j**4/12 - 2*j**3/3 - 2*j**2 + 18*j. What is k(6)?
8
Let a(d) = -d + 1. Suppose 5*y = -0*y + 3*m + 809, -2*y = 2*m - 314. Let q be 14/(-91) - y/(-26). Calculate a(q).
-5
Let g(s) = -2*s - 1. Let p(v) = -3*v. Suppose 0 = -5*o + 8 - 28. Let f(l) = o*g(l) + 3*p(l). Determine f(0).
4
Let b(z) be the third derivative of z**6/30 - z**5/60 + z**4/24 + z**3/6 - 80*z**2. Let q = -2 + 1. Determine b(q).
-5
Suppose -5*a + 4*r = -10, -2*a = -5*a - r + 6. Let x be (5/3)/(a/6). Suppose 3*w - k = k + 5, -k + x = 0. Let t(l) = l**2 - 4*l + 3. Calculate t(w).
8
Suppose -2 - 12 = 7*z. Let t(n) = 6*n + 5. Let c(i) = -19*i - 16. Let m(x) = 2*c(x) + 7*t(x). Give m(z).
-5
Let y(t) = -2 + 6 - 7*t - 5. Determine y(-2).
13
Let k(a) = -a**3 + a**2 - 4 - 2*a + 7*a - a**2 + 2*a**2. Give k(3).
2
Let a(o) = o - 6. Let u(j) = -2*j + 13. Let s(p) = 7*a(p) + 4*u(p). Let y(i) = 2*i + 0*i + 1 - 6 - 5. Let v(m) = 3*s(m) + 2*y(m). Calculate v(-6).
4
Let y = 18 + -16. Let f(q) = 4*q**2 - 4*q + 2. Calculate f(y).
10
Let l = 2 + -1. Suppose -l - 2 = k. Let z(h) = 2*h**2 + 3*h - 4. What is z(k)?
5
Let c(b) = -b + 1. Let f(j) = -7*j + 6. Let k(p) = 5*c(p) - f(p). Suppose 2*z = 2*i, -7 + 1 = 2*z + 4*i. Calculate k(z).
-3
Let d(w) = w. Let o be (-1)/((-1)/3) + -10. Calculate d(o).
-7
Let n(l) be the second derivative of -l**4/12 + l**3